 5*h - 7 = 0. Suppose 3*f = i*f + 1. What are the prime factors of f - 2 - -3 - -31?
3, 11
Suppose -146*o - 10266 = -152*o. What are the prime factors of o?
29, 59
Suppose -54 = -4*a + 1018. List the prime factors of a.
2, 67
Let t be (3/1)/((-7)/217). Let v = t - -147. What are the prime factors of v?
2, 3
Let h(q) = 8*q**2 - 15*q - 2 + 16*q**2 + 13*q. What are the prime factors of h(2)?
2, 3, 5
Let m(o) = -o**2 - 47*o - 229. List the prime factors of m(-14).
233
Let b be 4/((4/8)/((-2)/(-4))). Suppose b*u = 10*u - 1398. What are the prime factors of u?
233
Let p(a) = 305*a - 313. What are the prime factors of p(5)?
2, 3, 101
Suppose 20 = -4*q - 5*a, 0 - 8 = -4*q + 2*a. Suppose 5*r - m = -q*r + 1178, -m + 238 = r. List the prime factors of r.
2, 59
Let h be (-2)/(-5) + -1 - 65/(-25). Suppose 0 = -2*j - 7 - 1, -h*c = j - 286. List the prime factors of c.
5, 29
Let n(y) = 27*y + 144. Let f(l) = 7*l + 36. Let a(t) = -9*f(t) + 2*n(t). List the prime factors of a(-15).
3, 11
Let g(s) = -s**3 + 9*s**2 - 10*s - 1. Let t be g(8). Let i = t - -19. Suppose -4*d - i*m + 290 = 0, 5*d + 4*m - 370 = -0*m. List the prime factors of d.
2, 5, 7
Let d = 26 + -16. Suppose 7*r = d*r - 81. What are the prime factors of r?
3
Let u(z) = z**2 - 18*z - 285. What are the prime factors of u(-37)?
2, 5, 7
Let m = 0 - 0. Suppose -z - 1 + 4 = m. Suppose -5*b + 6 = -p + 2, 0 = -z*b + 12. What are the prime factors of p?
2
Let i(f) = 5*f + 466. What are the prime factors of i(40)?
2, 3, 37
Let b(z) = -7*z + 4. Let f = 6 - 13. Let g be b(f). List the prime factors of g - -6*(-4)/8.
2, 5
Let o(j) = -j + 0*j + 6 - j**2 - 2*j + 0*j**2. Let a be o(-5). List the prime factors of (-2)/a - 630/(-20).
2
Let f(h) = -9*h - 5. Let u be f(-7). Suppose u - 1 = 3*b. Suppose -127 + b = -2*c. List the prime factors of c.
2, 3
Suppose b = -3*b. Suppose 2*w - 22 = -5*q, b*q + 3*w - 15 = -3*q. Suppose -y - y + 56 = 2*s, -q*y = -2*s - 88. List the prime factors of y.
2, 3
Let g = -531 - -1599. What are the prime factors of g?
2, 3, 89
Suppose -3*a = -2*a - 4. Let l(g) = 2*g**2 - g - 4. Let u(n) = -3*n**2 + 2*n. Let r(q) = -l(q) - u(q). List the prime factors of r(a).
2
Suppose 4*b - 787 = 713. Let s = -780 + b. What are the prime factors of s/(-11) - 2/(-11)?
37
Suppose 0 = 43*x - 21882 - 14797. List the prime factors of x.
853
Let u = 19 - 4. Suppose -5*k - 5*c = -u, -3*k - c = -2*c - 9. Suppose 2*y + 4*a = 8*a + 44, -k*y - 2*a = -42. List the prime factors of y.
2
Suppose 279 = r - 0*r. Suppose -6*d + 123 = -r. List the prime factors of d.
67
Let y(s) = -s**2 + 2*s + 3. Let c be y(3). Suppose c = 3*h - 3 + 27. List the prime factors of h/(-52) + 245/13.
19
Let j be (-2)/(-2 - 6/(-4)). List the prime factors of ((-76)/(-16))/(1/j).
19
Suppose -5*m = -b + 8, 8*b - 3*b - 2*m = 17. Let d(x) = 145 - 2*x**2 - 2*x + x**3 - 293 + 148. What are the prime factors of d(b)?
3
Let m be (-3)/(-6)*1*6. Suppose m*j + 4*p + 396 = 7*j, 5*p = -15. Suppose -j = -z - 3*z. What are the prime factors of z?
2, 3
Let t(w) = 2*w + 47. Suppose 0 = -2*o + 2*x + 2, 3*x - x + 2 = -4*o. List the prime factors of t(o).
47
What are the prime factors of ((-69)/6 - -11) + (-1435)/(-2)?
3, 239
Suppose 2*b + 16016 = 4*h, 3*h - 72*b + 76*b - 12023 = 0. List the prime factors of h.
3, 5, 89
What are the prime factors of ((-204)/272)/(1/(-856))?
2, 3, 107
Let n be (-287)/8 - (-5)/(-40). Let o be -2 + 0 + 1 + 25. What are the prime factors of ((-10)/3)/(o/n)?
5
Let x be (-3 - 12/(-8))*4. What are the prime factors of 382*((-4)/x)/((-48)/(-36))?
191
Let p(x) = -2*x**3 - 5*x**2 + x + 4. Let f(r) = -r**2 + 5. Let n be f(3). What are the prime factors of p(n)?
2, 3
Let f be 1 - (-4)/(-3 - -7). List the prime factors of (f - -6)/(-4)*-2.
2
Let j be 12/8 - ((-10)/4 - 0). Suppose 5*w - 773 + 53 = j*c, 0 = -5*w - 3*c + 685. List the prime factors of w.
2, 5, 7
Let v = -2 + 16. Let c = v + 26. List the prime factors of c.
2, 5
Suppose 0 = -i + 2*i + 35. Let d = -22 - i. What are the prime factors of d?
13
Let d(h) = h**3 + 15*h**2. Let u be d(-15). Suppose -930 = -5*j - u*o + 3*o, 742 = 4*j - 2*o. List the prime factors of j.
3, 61
Let a(x) = 2*x**2 + 1. Let g(w) = -w**3 + 3*w**2 - 3*w + 3. Let c be g(2). Let r be a(c). List the prime factors of ((-30)/12)/(r/(-36)).
2, 3, 5
Suppose -14*p = -5*p + 3780. Let a = 630 + p. What are the prime factors of a?
2, 3, 5, 7
Let x be ((0/4)/(-3))/3. Suppose 0 = -5*j, 0 = 5*k - x*j - 3*j - 10. Suppose 4*l - 24 = -4*h, k*l + 6 = l + 2*h. List the prime factors of l.
2
Suppose z + 5 = 0, -k - 239 = 3*z - 1235. What are the prime factors of k?
3, 337
Let r(t) = -23*t**3 + t**2 + t + 1. Suppose s = 2*s + 3. Let y be 3/9*9/s. List the prime factors of r(y).
2, 3
Let m = -661 - -2659. List the prime factors of m.
2, 3, 37
Let n(z) = -4*z**2 + 6*z - 7. Let d be n(5). Let b = 29 + d. Let p = 75 + b. List the prime factors of p.
3
Let l(f) = 8*f**3 - 23*f**2 - 21*f + 11. List the prime factors of l(9).
17, 223
Suppose 50 = 2*o - 172. Suppose 39*g - 42*g = -o. What are the prime factors of g?
37
Suppose -5 = 26*u - 21*u. What are the prime factors of (-44)/(20/8 + -3) + u?
3, 29
Let x(n) = -n**3 + n**2 + n + 3. Let v = 5 - 0. Let y = v - 5. List the prime factors of x(y).
3
Suppose -4*l - 4 = -2*a - 2, -19 = -4*a + 5*l. Suppose 8*r - a*r + 39 = 0. List the prime factors of r.
13
Suppose 2*b + 2*l = 604, 4*b - 3*l - 1180 = -0*l. Suppose -5*m + 1418 - b = 0. What are the prime factors of m?
2, 7
Suppose 8*k - 4*k - 144 = 0. Let r(b) = -b**3 - b**2 - 2*b - 3. Let s be r(-2). Suppose -4*q + 72 = -4*o, -2*q + k = -q + s*o. List the prime factors of q.
3, 7
Suppose -5*u = 3*d - 1349, 693 + 200 = 2*d - 3*u. List the prime factors of d.
2, 7
Suppose 4*w = -6*w + 120. Suppose 0*d = -3*d - w, 3*d = 4*i - 112. What are the prime factors of i?
5
Let k be ((-14)/(-8))/(-7)*-4 - -3. Let l(q) = -4 + 2*q**3 + 4*q**3 - 3*q - 5*q**3. What are the prime factors of l(k)?
2, 3
Suppose -10 - 21830 = -12*h. What are the prime factors of h?
2, 5, 7, 13
Let t be 1 - (-2 - (-4 + 32)). Suppose 117 = -30*r + t*r. List the prime factors of r.
3, 13
Suppose -4 = -2*t, 5*m + 4*t + 21 = 329. Let p = m + -34. What are the prime factors of 223/4 + p/104?
2, 7
Let c(l) = -7*l - 6. Let u be c(-5). Let f = -24 + u. Let k(x) = 2*x**2 - 2*x + 1. List the prime factors of k(f).
41
Let t(i) = i**2 + 6*i - 5. Let r be t(-7). Suppose 2 = -r*s + s. What are the prime factors of s/(-7) + (-1750)/(-49)?
2, 3
Suppose -v = v. Let k(j) = j + 2*j - 5*j + v*j. What are the prime factors of k(-2)?
2
What are the prime factors of (24 - -1348)/((-4)/(-6))?
2, 3, 7
Let d(p) = 40*p**2 + p - 14. List the prime factors of d(3).
349
Let w(k) = 3*k**3 + 16*k**2 + 3*k - 7. Let r be w(-5). Let z(u) = 7*u**3 + 2*u**2 - 3*u + 3. List the prime factors of z(r).
3, 67
Let x(q) = q**3 - 6*q**2 - 13*q - 6. Let p be (-28)/48*-15 + 2/8. What are the prime factors of x(p)?
2, 3, 5
Let g(k) = k**2 - 6*k - 29. Let r be g(8). Let q = 113 + r. What are the prime factors of q?
2, 5
Let c(g) = 14*g**2 - 18*g + 32. List the prime factors of c(4).
2, 23
Suppose -4*d = 5*z - 17095, -8*z = -12*z + 2*d + 13650. What are the prime factors of z?
5, 683
Let h(s) = -3*s**2 + 8*s + 7. Let b(n) = -4*n**2 + 7*n + 6. Let k(z) = -2*b(z) + 3*h(z). List the prime factors of k(8).
5
Suppose -14*t + 927 = -11*t. List the prime factors of t.
3, 103
Suppose 27 = 4*j - 25. Let h(w) = -w**3 + 14*w**2 - 12*w + 13. List the prime factors of h(j).
2, 13
Suppose -26 = -3*y + 55. List the prime factors of (99/y)/((-2)/(-36)).
2, 3, 11
Let c(z) = 2*z - 137 + 137. Let o be (8/(-10))/((-6)/30). List the prime factors of c(o).
2
Suppose 4*w - 3239 = 1249. Suppose 0 = 8*u - w + 154. List the prime factors of u.
11
Suppose -12250 = -16*y + 9*y. What are the prime factors of y?
2, 5, 7
Let d(t) = t**3 + t - 8. Let n be d(0). List the prime factors of (-10)/(-40) - 774/n.
97
Let c = -688 + 1545. List the prime factors of c.
857
Let z(u) = 37*u**2 + 6*u + 2. List the prime factors of z(5).
3, 11, 29
Let x be ((-24)/(-10))/(-2 + 406/200). List the prime factors of ((-6)/(-4))/(((-8)/(-2))/x).
2, 3, 5
Suppose 5 = 2*v + 1. Let p(i) = 3*i**2 + 11*i - 9 - 3*i**3 - 5*i**2 - 9*i**2 + v*i**3. What are the prime factors of p(-12